 -g**2 - 9*g - 6. Let h be p(-8). Suppose 0 = -5*r + 20, -h*a + 9*r - 4*r = -58. List the prime factors of a.
3, 13
Let f(o) = o**2 - 8*o + 15. Let b be f(6). Let x(g) = 12*g**2 - g + 8. List the prime factors of x(b).
113
Let q(i) = 19*i + 49. Let g(s) = -28*s - 74. Let b(v) = 5*g(v) + 7*q(v). What are the prime factors of b(-8)?
29
Let x = 89 + 625. List the prime factors of x.
2, 3, 7, 17
Suppose -3*j = 2*j + 3*d - 2083, -5*j + 2099 = -d. List the prime factors of j.
419
List the prime factors of (433/(-2))/(-1 - 1/(-2)).
433
Suppose 4 = 3*h - h, h - 12 = -5*m. Suppose 3*x + 1710 = -m*n + 8, 2836 = -5*x - 4*n. What are the prime factors of (-2)/6 - x/12?
47
Let f be (-4 - -14)/((-2)/(-1)). Suppose -f*g + 2*g = -57. Let b = -17 + g. What are the prime factors of b?
2
Let l be (-1 + 0)*24*1. What are the prime factors of (l/20)/(6/(-100))?
2, 5
Let t be 8/(-3)*90/(-4). Let h be ((-12)/2)/(306/(-204)). Suppose z - t = -h*x + 25, 5*z = -4*x + 73. List the prime factors of x.
2, 11
Let n(c) = -608*c + 225. List the prime factors of n(-4).
2657
Suppose 11 + 4 = 5*m. Let f be (0/4)/(m - 0). What are the prime factors of -1 - (-24 - f/1)?
23
Suppose 0 = -5*j - 25, -126 - 127 = -3*t + 2*j. List the prime factors of t.
3
What are the prime factors of (-83)/(-2)*(-68)/(-17)?
2, 83
Suppose -7 = -0*i + i. Let t = i - -30. What are the prime factors of t?
23
Suppose 5 + 10 = 5*c. Suppose 2*l = 5*o + 21, 0*o = c*o + 3. What are the prime factors of l?
2
Let l = -1 - -61. Suppose -b - l = -190. List the prime factors of b.
2, 5, 13
Let h(l) = -l**3 + 13*l**2 - 12*l - 7. What are the prime factors of h(5)?
7, 19
Let h(m) = m**2 + m. Let g(b) = b**3 - 5*b**2 - 6*b - 5. Let y(f) = -g(f) - 2*h(f). List the prime factors of y(4).
5
Suppose 0*c + 27 = c. Suppose 3*k - 2*n - 1 - 2 = 0, -4*k + 5*n = -11. What are the prime factors of c + (0 + 1)*k?
2, 13
Suppose 0 = -4*x + 543 + 121. What are the prime factors of x?
2, 83
Let g(s) = 4*s**2 - 2*s. Suppose 9*x + r - 13 = 4*x, 2*x = r + 1. Let w be g(x). What are the prime factors of w/5*25/10?
2, 3
Let d = 870 + -154. What are the prime factors of d?
2, 179
Let i = -41 + 60. Let a be 2/2 - (i + -97). Let x = 133 - a. What are the prime factors of x?
2, 3
Let m = -110 + 623. Let c = m - 292. List the prime factors of c.
13, 17
Suppose 0 = -5*b - 4995 + 14540. What are the prime factors of b?
23, 83
Suppose 0 = 3*q - 8*q + 4*l + 2045, l - 2070 = -5*q. Suppose 0*k - 7*k + q = 0. List the prime factors of k.
59
Suppose -3*g + 6 + 9 = 0. Let k be 176/(-4) + (-20)/g. What are the prime factors of (-3516)/k + 3/4?
2, 37
Suppose 0 = 5*d - 7*d + 1366. List the prime factors of d.
683
Let m(i) = 12*i**2 - 40*i + 12. List the prime factors of m(-4).
2, 7, 13
Suppose 2*y + 14 + 12 = 4*q, q + 7 = -4*y. Let v(z) = -3*z + 9*z - z - q + 4. What are the prime factors of v(2)?
3
Let j = -212 + 254. List the prime factors of j.
2, 3, 7
Let z(x) = 5*x**2 + x**3 + 5 + 2*x**2 + 2*x**2 + 0 + 8*x. Let h be z(-8). Suppose h*u + 2*a = 5*a + 176, 3*a - 46 = -u. What are the prime factors of u?
37
Let l be 99/18 - (-2)/4. Suppose 4*d + 4 = 2*w + l, w = d + 1. Suppose 2*b - 98 = w*k, -3*b + 121 + 23 = -3*k. What are the prime factors of b?
2, 23
Let o(v) = 5*v**2 + 25*v + 29. Let t(q) = q**2 + q - 1. Let h(n) = -o(n) + 4*t(n). List the prime factors of h(-15).
3, 19
Let w(p) = -p**3 + 20*p**2 - 17*p - 42. Let n be w(19). What are the prime factors of (-246)/54*n + (-4)/18?
2, 3
Let v = 55 - 28. List the prime factors of 42/(-3 + v/6).
2, 7
Let y(k) = 13*k**2 - k**2 + 1 - k + 10*k**2 + 12*k**2. What are the prime factors of y(-2)?
139
Suppose 0*j = -4*j - 2*r - 760, -r + 2 = 0. Let d = j + 99. What are the prime factors of (d/(-6))/((-16)/(-24))?
23
Let m(s) = -71*s**3 - 7*s**2 - 26*s + 19. What are the prime factors of m(-4)?
5, 911
Let i = -40 - -40. Suppose -m - 3*r + 162 = i, 3*m - 793 = -2*m + 2*r. What are the prime factors of m?
3, 53
Let n(a) = 5*a**2 + 1. Let t be n(1). Suppose -t*p + 65 = -49. List the prime factors of p.
19
Let d(n) = n**3 - 5*n**2 - 7*n + 10. Let z be d(6). Suppose 0 = -5*a + 2*m + 382, -4*m = -0*m + z. List the prime factors of a.
2, 19
Let y = 9106 + -5910. What are the prime factors of y?
2, 17, 47
Let l = -922 + 1103. What are the prime factors of l?
181
Let i = -244 + 410. What are the prime factors of i?
2, 83
Let v(h) = 17*h**2 + 6*h + 35. Let z be v(-7). Suppose -z = -7*p - 7*p. What are the prime factors of p?
59
Let s be ((8 - 5) + -2)*-5. Let l(a) = -46*a + 2. What are the prime factors of l(s)?
2, 29
Let q be (-3)/7 + (-558)/21. Let l = q - -23. List the prime factors of 0/(-3) + 7 - l.
11
Let c be (-6 + 3)*-14 - -1. Let f = 59 - c. List the prime factors of f.
2
Let f = -182 - -236. What are the prime factors of f?
2, 3
Let h(a) = 4*a**3 - 5*a**2 + 11*a + 2. Let p be h(6). Suppose 12*y - p = 8*y. What are the prime factors of y?
2, 47
List the prime factors of (-7)/21*3*-353.
353
Let g(c) = -5*c - 1. Let o(v) = -4*v. Let s(y) = 5*g(y) - 4*o(y). What are the prime factors of s(-10)?
5, 17
What are the prime factors of (4*(-4)/8)/((-31)/21638)?
2, 349
Suppose -3*t + 1024 - 217 = 0. Let i = t - 38. What are the prime factors of i?
3, 7, 11
Suppose 0*o + 5*o - 465 = 0. What are the prime factors of o?
3, 31
Let y be 358/5 - 30/50. Suppose 5*b = a + 260 - 72, -a + y = 2*b. What are the prime factors of b?
37
Suppose 12*c + 112 = 5*c. Let o = c + 24. What are the prime factors of o?
2
Let n = 11 - -10. Let m = n + -16. Suppose 44 = 9*i - m*i. List the prime factors of i.
11
Let i = 233 - 31. List the prime factors of i.
2, 101
Let s = 113 + -108. List the prime factors of s.
5
Let z = 7 - -2. Let o(a) = a - 9. Let d be o(z). Suppose m + d*m = 56. What are the prime factors of m?
2, 7
Let c(b) = -b**2 + 10*b - 17. Let t be c(7). Suppose 16 = 4*r, -6*i + 191 = -i + t*r. What are the prime factors of i?
5, 7
Let u = -31 - -165. Suppose 3*t - c - 143 = -t, u = 4*t + 2*c. List the prime factors of t.
5, 7
Suppose -4*y + 30 + 6 = -4*p, 0 = 4*y + 2*p - 6. Suppose 0 = h + 2*h - 285. Suppose y*z - h = 21. What are the prime factors of z?
29
Let x = -28 - -84. Suppose 14 = t + 11. Suppose t*p - x = -p. List the prime factors of p.
2, 7
Let m = -17 + 17. Suppose m = 5*t + 5*f - 360, -3*t + 2*f - 372 = -8*t. What are the prime factors of t?
2, 19
Let p = 1201 - -825. What are the prime factors of p?
2, 1013
Suppose -24*c + 26*c - 7896 = 0. List the prime factors of c.
2, 3, 7, 47
Let d = 817 - 482. Suppose -6*i + d = -i. What are the prime factors of i?
67
Let j = -36 + 9. Let f be (-48)/j + 8/36. Suppose -5*l - 2*d = -d - 226, 3*l - 130 = -f*d. List the prime factors of l.
2, 23
Let n(j) be the third derivative of j**5/60 + j**4/24 + 5*j**3/6 + 5*j**2. What are the prime factors of n(-11)?
5, 23
List the prime factors of (144/216)/(-2 - 9472/(-4734)).
3, 263
Let w = -33 - -54. Let d = w - 54. Let z = -17 - d. What are the prime factors of z?
2
Let l be (16/(-3))/((-1)/3). Suppose -a + 2 = -3*v + v, 4*a + l = 2*v. Let s(w) = w**2 - 2*w - 6. List the prime factors of s(a).
2, 3, 7
Let x(m) = -m**3 - 3*m**2 + 2*m + 13. Suppose -19 + 7 = 2*t. What are the prime factors of x(t)?
109
Let u(o) = -2*o - 9. Let t be u(-6). Suppose -t*k + 15 = 0, -5*k + 6*k = 5*r - 50. List the prime factors of r.
11
Let d(q) = 3*q**2 - 7*q - 223. List the prime factors of d(27).
5, 71
Let w(p) = p**2 - 20*p - 5. Let t be w(9). Let c = -29 - t. What are the prime factors of c?
3, 5
Let r = 16 + -18. Let t = 13 + r. What are the prime factors of t?
11
Suppose -21285 = -26*y + 763. What are the prime factors of y?
2, 53
Let c(q) = -q - 8. Let a be c(-12). Let r = a + 1. Suppose 49 = 5*s - 2*l, 52 = 5*s - r*l + 4*l. List the prime factors of s.
11
Let g(w) = 5*w - 1. Let p be g(2). Let z = 9 + p. Let i = 26 - z. What are the prime factors of i?
2
Suppose t - 6 = -2*t. Suppose -4*h - u + 16 = 3, -t*u = -5*h. Suppose 0 = 2*v + 6, -h*s + 0*s - 2*v + 40 = 0. What are the prime factors of s?
23
Let d(m) = 2*m**3 - 11*m**2 + 20*m - 5. What are the prime factors of d(6)?
151
List the prime factors of 62419/42 + 7 - 3/18.
1493
Let u(q) = -q - 1. Let a be u(-1). Let d(o) = o**2 - 5*o - 3. Let j be d(6). Suppose w - j + 1 = a. List the prime factors of w.